{"id":7,"date":"2024-02-01T12:40:56","date_gmt":"2024-02-01T11:40:56","guid":{"rendered":"https:\/\/vingtsix.io\/?page_id=7"},"modified":"2025-10-02T22:48:15","modified_gmt":"2025-10-02T20:48:15","slug":"strategies-digitales","status":"publish","type":"page","link":"https:\/\/vingtsix.io\/","title":{"rendered":"Strat\u00e9gies Digitales sur Mesure &#8211; VingtSix"},"content":{"rendered":"\t\t<div data-elementor-type=\"wp-page\" data-elementor-id=\"7\" class=\"elementor elementor-7\" data-elementor-post-type=\"page\">\n\t\t\t\t<div class=\"elementor-element elementor-element-44ac6c2 e-flex e-con-boxed e-con e-parent\" data-id=\"44ac6c2\" data-element_type=\"container\" data-e-type=\"container\">\n\t\t\t\t\t<div class=\"e-con-inner\">\n\t\t<div class=\"elementor-element elementor-element-40a8caa e-con-full e-flex e-con e-child\" data-id=\"40a8caa\" data-element_type=\"container\" data-e-type=\"container\">\n\t\t\t\t<div class=\"elementor-element elementor-element-d735f47 elementor-widget elementor-widget-text-editor\" data-id=\"d735f47\" data-element_type=\"widget\" data-e-type=\"widget\" data-widget_type=\"text-editor.default\">\n\t\t\t\t<div class=\"elementor-widget-container\">\n\t\t\t\t\t\t\t\t\t<p><b>Des id\u00e9es <\/b><span style=\"color: #ff4a4a;\"><b>strat\u00e9giques<\/b><\/span><b> pour des d\u00e9cisions plus <\/b><span style=\"color: #ff4a4a;\"><b>intelligentes.<\/b><\/span><\/p>\t\t\t\t\t\t\t\t<\/div>\n\t\t\t\t<\/div>\n\t\t\t\t<div class=\"elementor-element elementor-element-f15543f elementor-widget elementor-widget-text-editor\" data-id=\"f15543f\" data-element_type=\"widget\" data-e-type=\"widget\" data-widget_type=\"text-editor.default\">\n\t\t\t\t<div class=\"elementor-widget-container\">\n\t\t\t\t\t\t\t\t\t<ul><li style=\"font-weight: 400;\" aria-level=\"1\"><span style=\"font-weight: 400;\">Strat\u00e9gies d\u2019acquisition digitale<\/span><\/li><li style=\"font-weight: 400;\" aria-level=\"1\"><span style=\"font-weight: 400;\">IA dans votre entreprise<\/span><\/li><li style=\"font-weight: 400;\" aria-level=\"1\"><span style=\"font-weight: 400;\">Optimisation de votre budget marketing<\/span><\/li><li style=\"font-weight: 400;\" aria-level=\"1\"><span style=\"font-weight: 400;\">Branding et positionnement<\/span><\/li><li style=\"font-weight: 400;\" aria-level=\"1\"><span style=\"font-weight: 400;\">Mise en place de strat\u00e9gies CRM<\/span><\/li><li style=\"font-weight: 400;\" aria-level=\"1\"><span style=\"font-weight: 400;\">Accompagnement Lev\u00e9es de fonds<\/span><\/li><li style=\"font-weight: 400;\" aria-level=\"1\"><span style=\"font-weight: 400;\">Digitalisation de vos activit\u00e9s<\/span><\/li><li style=\"font-weight: 400;\" aria-level=\"1\"><span style=\"font-weight: 400;\">Direction marketing ou financi\u00e8re externalis\u00e9e<\/span><\/li><\/ul>\t\t\t\t\t\t\t\t<\/div>\n\t\t\t\t<\/div>\n\t\t\t\t<div class=\"elementor-element elementor-element-102f4b4 elementor-widget elementor-widget-button\" data-id=\"102f4b4\" data-element_type=\"widget\" data-e-type=\"widget\" data-widget_type=\"button.default\">\n\t\t\t\t<div class=\"elementor-widget-container\">\n\t\t\t\t\t\t\t\t\t<div class=\"elementor-button-wrapper\">\n\t\t\t\t\t<a class=\"elementor-button elementor-button-link elementor-size-sm\" href=\"https:\/\/calendar.app.google\/xdAUpBuvZU1tdZFH7\">\n\t\t\t\t\t\t<span class=\"elementor-button-content-wrapper\">\n\t\t\t\t\t\t<span class=\"elementor-button-icon\">\n\t\t\t\t<svg aria-hidden=\"true\" class=\"e-font-icon-svg e-far-calendar-plus\" viewBox=\"0 0 448 512\" xmlns=\"http:\/\/www.w3.org\/2000\/svg\"><path d=\"M336 292v24c0 6.6-5.4 12-12 12h-76v76c0 6.6-5.4 12-12 12h-24c-6.6 0-12-5.4-12-12v-76h-76c-6.6 0-12-5.4-12-12v-24c0-6.6 5.4-12 12-12h76v-76c0-6.6 5.4-12 12-12h24c6.6 0 12 5.4 12 12v76h76c6.6 0 12 5.4 12 12zm112-180v352c0 26.5-21.5 48-48 48H48c-26.5 0-48-21.5-48-48V112c0-26.5 21.5-48 48-48h48V12c0-6.6 5.4-12 12-12h40c6.6 0 12 5.4 12 12v52h128V12c0-6.6 5.4-12 12-12h40c6.6 0 12 5.4 12 12v52h48c26.5 0 48 21.5 48 48zm-48 346V160H48v298c0 3.3 2.7 6 6 6h340c3.3 0 6-2.7 6-6z\"><\/path><\/svg>\t\t\t<\/span>\n\t\t\t\t\t\t\t\t\t<span class=\"elementor-button-text\">Prenons Rendez-vous !<\/span>\n\t\t\t\t\t<\/span>\n\t\t\t\t\t<\/a>\n\t\t\t\t<\/div>\n\t\t\t\t\t\t\t\t<\/div>\n\t\t\t\t<\/div>\n\t\t\t\t<\/div>\n\t\t<div class=\"elementor-element elementor-element-eef929d e-con-full e-flex e-con e-child\" data-id=\"eef929d\" data-element_type=\"container\" data-e-type=\"container\">\n\t\t\t\t<div class=\"elementor-element elementor-element-636b6b6 elementor-widget elementor-widget-image\" data-id=\"636b6b6\" data-element_type=\"widget\" data-e-type=\"widget\" data-widget_type=\"image.default\">\n\t\t\t\t<div class=\"elementor-widget-container\">\n\t\t\t\t\t\t\t\t\t\t\t\t\t\t\t<img fetchpriority=\"high\" decoding=\"async\" width=\"401\" height=\"387\" src=\"https:\/\/vingtsix.io\/wp-content\/uploads\/2024\/02\/06_geometric-1.png\" class=\"attachment-large size-large wp-image-30\" alt=\"\" srcset=\"https:\/\/vingtsix.io\/wp-content\/uploads\/2024\/02\/06_geometric-1.png 401w, https:\/\/vingtsix.io\/wp-content\/uploads\/2024\/02\/06_geometric-1-300x290.png 300w\" sizes=\"(max-width: 401px) 100vw, 401px\" \/>\t\t\t\t\t\t\t\t\t\t\t\t\t\t\t<\/div>\n\t\t\t\t<\/div>\n\t\t\t\t<\/div>\n\t\t\t\t\t<\/div>\n\t\t\t\t<\/div>\n\t\t<div class=\"elementor-element elementor-element-3d2b564 e-flex e-con-boxed e-con e-parent\" data-id=\"3d2b564\" data-element_type=\"container\" data-e-type=\"container\">\n\t\t\t\t\t<div class=\"e-con-inner\">\n\t\t\t\t<div class=\"elementor-element elementor-element-8fb7309 elementor-widget elementor-widget-text-editor\" data-id=\"8fb7309\" data-element_type=\"widget\" data-e-type=\"widget\" data-widget_type=\"text-editor.default\">\n\t\t\t\t<div class=\"elementor-widget-container\">\n\t\t\t\t\t\t\t\t\t<p><b>Boostez votre <\/b><b>croissance<\/b><b> avec <span style=\"color: #ff4a4a;\">VingtSix<\/span> !<\/b><\/p>\t\t\t\t\t\t\t\t<\/div>\n\t\t\t\t<\/div>\n\t\t\t\t<div class=\"elementor-element elementor-element-ea67312 elementor-widget elementor-widget-text-editor\" data-id=\"ea67312\" data-element_type=\"widget\" data-e-type=\"widget\" data-widget_type=\"text-editor.default\">\n\t\t\t\t<div class=\"elementor-widget-container\">\n\t\t\t\t\t\t\t\t\t<p><span style=\"font-weight: 400;\">Vous cherchez \u00e0 dynamiser votre entreprise, start-up, PME ou ETI, mais manquez de ressources internes et d&#8217;expertise en strat\u00e9gie digitale ? Nous sommes l\u00e0 pour vous aider !<\/span><\/p><p><span style=\"font-weight: 400;\">Forts de 20 ans d&#8217;exp\u00e9rience au service de +150 entreprises, nos consultants seniors sont vos meilleurs alli\u00e9s pour piloter votre croissance de A \u00e0 Z.<\/span><\/p><p><span style=\"font-weight: 400;\">De l&#8217;acquisition client \u00e0 la gestion budg\u00e9taire, en passant le branding et la digitalisation, nous ma\u00eetrisons toutes les composantes cl\u00e9s pour d\u00e9velopper votre activit\u00e9.<\/span><\/p><p><span style=\"font-weight: 400;\">Gr\u00e2ce \u00e0 une approche sur-mesure et notre m\u00e9thodologie \u00e9prouv\u00e9e, vous pouvez compter sur des r\u00e9sultats rapides et p\u00e9rennes.\u00a0<\/span><\/p><p><span style=\"font-weight: 400;\">Alors si vous aussi, vous souhaitez passer la vitesse sup\u00e9rieure, discutons ensemble de vos enjeux le temps d&#8217;un caf\u00e9 ! Nos experts analyseront votre situation gratuitement lors d&#8217;un audit flash d&#8217;1h et vous diront franchement comment booster durablement votre croissance.<\/span><\/p>\t\t\t\t\t\t\t\t<\/div>\n\t\t\t\t<\/div>\n\t\t\t\t<div class=\"elementor-element elementor-element-e09d9f2 elementor-button-info elementor-widget elementor-widget-button\" data-id=\"e09d9f2\" data-element_type=\"widget\" data-e-type=\"widget\" data-widget_type=\"button.default\">\n\t\t\t\t<div class=\"elementor-widget-container\">\n\t\t\t\t\t\t\t\t\t<div class=\"elementor-button-wrapper\">\n\t\t\t\t\t<a class=\"elementor-button elementor-button-link elementor-size-sm\" href=\"https:\/\/calendar.app.google\/xdAUpBuvZU1tdZFH7\">\n\t\t\t\t\t\t<span class=\"elementor-button-content-wrapper\">\n\t\t\t\t\t\t<span class=\"elementor-button-icon\">\n\t\t\t\t<svg aria-hidden=\"true\" class=\"e-font-icon-svg e-far-calendar-alt\" viewBox=\"0 0 448 512\" xmlns=\"http:\/\/www.w3.org\/2000\/svg\"><path d=\"M148 288h-40c-6.6 0-12-5.4-12-12v-40c0-6.6 5.4-12 12-12h40c6.6 0 12 5.4 12 12v40c0 6.6-5.4 12-12 12zm108-12v-40c0-6.6-5.4-12-12-12h-40c-6.6 0-12 5.4-12 12v40c0 6.6 5.4 12 12 12h40c6.6 0 12-5.4 12-12zm96 0v-40c0-6.6-5.4-12-12-12h-40c-6.6 0-12 5.4-12 12v40c0 6.6 5.4 12 12 12h40c6.6 0 12-5.4 12-12zm-96 96v-40c0-6.6-5.4-12-12-12h-40c-6.6 0-12 5.4-12 12v40c0 6.6 5.4 12 12 12h40c6.6 0 12-5.4 12-12zm-96 0v-40c0-6.6-5.4-12-12-12h-40c-6.6 0-12 5.4-12 12v40c0 6.6 5.4 12 12 12h40c6.6 0 12-5.4 12-12zm192 0v-40c0-6.6-5.4-12-12-12h-40c-6.6 0-12 5.4-12 12v40c0 6.6 5.4 12 12 12h40c6.6 0 12-5.4 12-12zm96-260v352c0 26.5-21.5 48-48 48H48c-26.5 0-48-21.5-48-48V112c0-26.5 21.5-48 48-48h48V12c0-6.6 5.4-12 12-12h40c6.6 0 12 5.4 12 12v52h128V12c0-6.6 5.4-12 12-12h40c6.6 0 12 5.4 12 12v52h48c26.5 0 48 21.5 48 48zm-48 346V160H48v298c0 3.3 2.7 6 6 6h340c3.3 0 6-2.7 6-6z\"><\/path><\/svg>\t\t\t<\/span>\n\t\t\t\t\t\t\t\t\t<span class=\"elementor-button-text\">R\u00e9servez votre consultation<\/span>\n\t\t\t\t\t<\/span>\n\t\t\t\t\t<\/a>\n\t\t\t\t<\/div>\n\t\t\t\t\t\t\t\t<\/div>\n\t\t\t\t<\/div>\n\t\t\t\t\t<\/div>\n\t\t\t\t<\/div>\n\t\t\t\t<\/div>\n\t\t","protected":false},"excerpt":{"rendered":"<p>Des id\u00e9es strat\u00e9giques pour des d\u00e9cisions plus intelligentes. Strat\u00e9gies d\u2019acquisition digitale IA dans votre entreprise Optimisation de votre budget marketing Branding et positionnement Mise en place de strat\u00e9gies CRM Accompagnement Lev\u00e9es de fonds Digitalisation de vos activit\u00e9s Direction marketing ou financi\u00e8re externalis\u00e9e Prenons Rendez-vous ! Boostez votre croissance avec VingtSix ! Vous cherchez \u00e0 dynamiser [&hellip;]<\/p>\n","protected":false},"author":1,"featured_media":0,"parent":0,"menu_order":0,"comment_status":"closed","ping_status":"closed","template":"","meta":{"footnotes":""},"class_list":["post-7","page","type-page","status-publish","hentry"],"yoast_head":"<!-- This site is optimized with the Yoast SEO plugin v27.4 - https:\/\/yoast.com\/product\/yoast-seo-wordpress\/ -->\n<title>Strat\u00e9gies Digitales sur Mesure - VingtSix - Vingt-Six<\/title>\n<meta name=\"description\" content=\"D\u00e9couvrez comment VingtSix aide les startups, PME et ETI \u00e0 cro\u00eetre gr\u00e2ce \u00e0 des strat\u00e9gies d&#039;acquisition digitale, branding, CRM, et plus. Profitez de 20 ans d&#039;exp\u00e9rience pour des r\u00e9sultats rapides et durables. R\u00e9servez votre consultation gratuite d\u00e8s aujourd&#039;hui !\" \/>\n<meta name=\"robots\" content=\"index, follow, max-snippet:-1, max-image-preview:large, max-video-preview:-1\" \/>\n<link rel=\"canonical\" href=\"https:\/\/vingtsix.io\/\" \/>\n<meta property=\"og:locale\" content=\"en_US\" \/>\n<meta property=\"og:type\" content=\"article\" \/>\n<meta property=\"og:title\" content=\"Strat\u00e9gies Digitales sur Mesure - VingtSix - Vingt-Six\" \/>\n<meta property=\"og:description\" content=\"D\u00e9couvrez comment VingtSix aide les startups, PME et ETI \u00e0 cro\u00eetre gr\u00e2ce \u00e0 des strat\u00e9gies d&#039;acquisition digitale, branding, CRM, et plus. Profitez de 20 ans d&#039;exp\u00e9rience pour des r\u00e9sultats rapides et durables. R\u00e9servez votre consultation gratuite d\u00e8s aujourd&#039;hui !\" \/>\n<meta property=\"og:url\" content=\"https:\/\/vingtsix.io\/\" \/>\n<meta property=\"og:site_name\" content=\"Vingt-Six\" \/>\n<meta property=\"article:modified_time\" content=\"2025-10-02T20:48:15+00:00\" \/>\n<meta property=\"og:image\" content=\"https:\/\/vingtsix.io\/wp-content\/uploads\/2024\/02\/06_geometric-1.png\" \/>\n\t<meta property=\"og:image:width\" content=\"401\" \/>\n\t<meta property=\"og:image:height\" content=\"387\" \/>\n\t<meta property=\"og:image:type\" content=\"image\/png\" \/>\n<meta name=\"twitter:card\" content=\"summary_large_image\" \/>\n<meta name=\"twitter:label1\" content=\"Est. reading time\" \/>\n\t<meta name=\"twitter:data1\" content=\"1 minute\" \/>\n<script type=\"application\/ld+json\" class=\"yoast-schema-graph\">{\"@context\":\"https:\\\/\\\/schema.org\",\"@graph\":[{\"@type\":\"WebPage\",\"@id\":\"https:\\\/\\\/vingtsix.io\\\/\",\"url\":\"https:\\\/\\\/vingtsix.io\\\/\",\"name\":\"Strat\u00e9gies Digitales sur Mesure - VingtSix - Vingt-Six\",\"isPartOf\":{\"@id\":\"https:\\\/\\\/vingtsix.io\\\/#website\"},\"primaryImageOfPage\":{\"@id\":\"https:\\\/\\\/vingtsix.io\\\/#primaryimage\"},\"image\":{\"@id\":\"https:\\\/\\\/vingtsix.io\\\/#primaryimage\"},\"thumbnailUrl\":\"http:\\\/\\\/vingtsix.io\\\/wp-content\\\/uploads\\\/2024\\\/02\\\/06_geometric-1.png\",\"datePublished\":\"2024-02-01T11:40:56+00:00\",\"dateModified\":\"2025-10-02T20:48:15+00:00\",\"description\":\"D\u00e9couvrez comment VingtSix aide les startups, PME et ETI \u00e0 cro\u00eetre gr\u00e2ce \u00e0 des strat\u00e9gies d'acquisition digitale, branding, CRM, et plus. Profitez de 20 ans d'exp\u00e9rience pour des r\u00e9sultats rapides et durables. R\u00e9servez votre consultation gratuite d\u00e8s aujourd'hui !\",\"breadcrumb\":{\"@id\":\"https:\\\/\\\/vingtsix.io\\\/#breadcrumb\"},\"inLanguage\":\"en-US\",\"potentialAction\":[{\"@type\":\"ReadAction\",\"target\":[\"https:\\\/\\\/vingtsix.io\\\/\"]}]},{\"@type\":\"ImageObject\",\"inLanguage\":\"en-US\",\"@id\":\"https:\\\/\\\/vingtsix.io\\\/#primaryimage\",\"url\":\"http:\\\/\\\/vingtsix.io\\\/wp-content\\\/uploads\\\/2024\\\/02\\\/06_geometric-1.png\",\"contentUrl\":\"http:\\\/\\\/vingtsix.io\\\/wp-content\\\/uploads\\\/2024\\\/02\\\/06_geometric-1.png\"},{\"@type\":\"BreadcrumbList\",\"@id\":\"https:\\\/\\\/vingtsix.io\\\/#breadcrumb\",\"itemListElement\":[{\"@type\":\"ListItem\",\"position\":1,\"name\":\"Accueil\",\"item\":\"https:\\\/\\\/vingtsix.io\\\/\"},{\"@type\":\"ListItem\",\"position\":2,\"name\":\"Strat\u00e9gies Digitales sur Mesure &#8211; VingtSix\"}]},{\"@type\":\"WebSite\",\"@id\":\"https:\\\/\\\/vingtsix.io\\\/#website\",\"url\":\"https:\\\/\\\/vingtsix.io\\\/\",\"name\":\"Vingt-Six\",\"description\":\"\",\"publisher\":{\"@id\":\"https:\\\/\\\/vingtsix.io\\\/#organization\"},\"potentialAction\":[{\"@type\":\"SearchAction\",\"target\":{\"@type\":\"EntryPoint\",\"urlTemplate\":\"https:\\\/\\\/vingtsix.io\\\/?s={search_term_string}\"},\"query-input\":{\"@type\":\"PropertyValueSpecification\",\"valueRequired\":true,\"valueName\":\"search_term_string\"}}],\"inLanguage\":\"en-US\"},{\"@type\":\"Organization\",\"@id\":\"https:\\\/\\\/vingtsix.io\\\/#organization\",\"name\":\"Vingt-Six\",\"url\":\"https:\\\/\\\/vingtsix.io\\\/\",\"logo\":{\"@type\":\"ImageObject\",\"inLanguage\":\"en-US\",\"@id\":\"https:\\\/\\\/vingtsix.io\\\/#\\\/schema\\\/logo\\\/image\\\/\",\"url\":\"https:\\\/\\\/vingtsix.io\\\/wp-content\\\/uploads\\\/2024\\\/01\\\/logo1.png\",\"contentUrl\":\"https:\\\/\\\/vingtsix.io\\\/wp-content\\\/uploads\\\/2024\\\/01\\\/logo1.png\",\"width\":638,\"height\":479,\"caption\":\"Vingt-Six\"},\"image\":{\"@id\":\"https:\\\/\\\/vingtsix.io\\\/#\\\/schema\\\/logo\\\/image\\\/\"}}]}<\/script>\n<!-- \/ Yoast SEO plugin. -->","yoast_head_json":{"title":"Strat\u00e9gies Digitales sur Mesure - VingtSix - Vingt-Six","description":"D\u00e9couvrez comment VingtSix aide les startups, PME et ETI \u00e0 cro\u00eetre gr\u00e2ce \u00e0 des strat\u00e9gies d'acquisition digitale, branding, CRM, et plus. Profitez de 20 ans d'exp\u00e9rience pour des r\u00e9sultats rapides et durables. R\u00e9servez votre consultation gratuite d\u00e8s aujourd'hui !","robots":{"index":"index","follow":"follow","max-snippet":"max-snippet:-1","max-image-preview":"max-image-preview:large","max-video-preview":"max-video-preview:-1"},"canonical":"https:\/\/vingtsix.io\/","og_locale":"en_US","og_type":"article","og_title":"Strat\u00e9gies Digitales sur Mesure - VingtSix - Vingt-Six","og_description":"D\u00e9couvrez comment VingtSix aide les startups, PME et ETI \u00e0 cro\u00eetre gr\u00e2ce \u00e0 des strat\u00e9gies d'acquisition digitale, branding, CRM, et plus. Profitez de 20 ans d'exp\u00e9rience pour des r\u00e9sultats rapides et durables. R\u00e9servez votre consultation gratuite d\u00e8s aujourd'hui !","og_url":"https:\/\/vingtsix.io\/","og_site_name":"Vingt-Six","article_modified_time":"2025-10-02T20:48:15+00:00","og_image":[{"width":401,"height":387,"url":"https:\/\/vingtsix.io\/wp-content\/uploads\/2024\/02\/06_geometric-1.png","type":"image\/png"}],"twitter_card":"summary_large_image","twitter_misc":{"Est. reading time":"1 minute"},"schema":{"@context":"https:\/\/schema.org","@graph":[{"@type":"WebPage","@id":"https:\/\/vingtsix.io\/","url":"https:\/\/vingtsix.io\/","name":"Strat\u00e9gies Digitales sur Mesure - VingtSix - Vingt-Six","isPartOf":{"@id":"https:\/\/vingtsix.io\/#website"},"primaryImageOfPage":{"@id":"https:\/\/vingtsix.io\/#primaryimage"},"image":{"@id":"https:\/\/vingtsix.io\/#primaryimage"},"thumbnailUrl":"http:\/\/vingtsix.io\/wp-content\/uploads\/2024\/02\/06_geometric-1.png","datePublished":"2024-02-01T11:40:56+00:00","dateModified":"2025-10-02T20:48:15+00:00","description":"D\u00e9couvrez comment VingtSix aide les startups, PME et ETI \u00e0 cro\u00eetre gr\u00e2ce \u00e0 des strat\u00e9gies d'acquisition digitale, branding, CRM, et plus. Profitez de 20 ans d'exp\u00e9rience pour des r\u00e9sultats rapides et durables. R\u00e9servez votre consultation gratuite d\u00e8s aujourd'hui !","breadcrumb":{"@id":"https:\/\/vingtsix.io\/#breadcrumb"},"inLanguage":"en-US","potentialAction":[{"@type":"ReadAction","target":["https:\/\/vingtsix.io\/"]}]},{"@type":"ImageObject","inLanguage":"en-US","@id":"https:\/\/vingtsix.io\/#primaryimage","url":"http:\/\/vingtsix.io\/wp-content\/uploads\/2024\/02\/06_geometric-1.png","contentUrl":"http:\/\/vingtsix.io\/wp-content\/uploads\/2024\/02\/06_geometric-1.png"},{"@type":"BreadcrumbList","@id":"https:\/\/vingtsix.io\/#breadcrumb","itemListElement":[{"@type":"ListItem","position":1,"name":"Accueil","item":"https:\/\/vingtsix.io\/"},{"@type":"ListItem","position":2,"name":"Strat\u00e9gies Digitales sur Mesure &#8211; VingtSix"}]},{"@type":"WebSite","@id":"https:\/\/vingtsix.io\/#website","url":"https:\/\/vingtsix.io\/","name":"Vingt-Six","description":"","publisher":{"@id":"https:\/\/vingtsix.io\/#organization"},"potentialAction":[{"@type":"SearchAction","target":{"@type":"EntryPoint","urlTemplate":"https:\/\/vingtsix.io\/?s={search_term_string}"},"query-input":{"@type":"PropertyValueSpecification","valueRequired":true,"valueName":"search_term_string"}}],"inLanguage":"en-US"},{"@type":"Organization","@id":"https:\/\/vingtsix.io\/#organization","name":"Vingt-Six","url":"https:\/\/vingtsix.io\/","logo":{"@type":"ImageObject","inLanguage":"en-US","@id":"https:\/\/vingtsix.io\/#\/schema\/logo\/image\/","url":"https:\/\/vingtsix.io\/wp-content\/uploads\/2024\/01\/logo1.png","contentUrl":"https:\/\/vingtsix.io\/wp-content\/uploads\/2024\/01\/logo1.png","width":638,"height":479,"caption":"Vingt-Six"},"image":{"@id":"https:\/\/vingtsix.io\/#\/schema\/logo\/image\/"}}]}},"_links":{"self":[{"href":"https:\/\/vingtsix.io\/index.php\/wp-json\/wp\/v2\/pages\/7","targetHints":{"allow":["GET"]}}],"collection":[{"href":"https:\/\/vingtsix.io\/index.php\/wp-json\/wp\/v2\/pages"}],"about":[{"href":"https:\/\/vingtsix.io\/index.php\/wp-json\/wp\/v2\/types\/page"}],"author":[{"embeddable":true,"href":"https:\/\/vingtsix.io\/index.php\/wp-json\/wp\/v2\/users\/1"}],"replies":[{"embeddable":true,"href":"https:\/\/vingtsix.io\/index.php\/wp-json\/wp\/v2\/comments?post=7"}],"version-history":[{"count":59,"href":"https:\/\/vingtsix.io\/index.php\/wp-json\/wp\/v2\/pages\/7\/revisions"}],"predecessor-version":[{"id":793,"href":"https:\/\/vingtsix.io\/index.php\/wp-json\/wp\/v2\/pages\/7\/revisions\/793"}],"wp:attachment":[{"href":"https:\/\/vingtsix.io\/index.php\/wp-json\/wp\/v2\/media?parent=7"}],"curies":[{"name":"wp","href":"https:\/\/api.w.org\/{rel}","templated":true}]}}