{"id":285,"date":"2024-02-19T09:51:49","date_gmt":"2024-02-19T08:51:49","guid":{"rendered":"https:\/\/vingtsix.io\/?page_id=285"},"modified":"2024-04-23T19:48:56","modified_gmt":"2024-04-23T17:48:56","slug":"part-time-c-f-o","status":"publish","type":"page","link":"https:\/\/vingtsix.io\/index.php\/part-time-c-f-o\/","title":{"rendered":"Part time C.F.O."},"content":{"rendered":"\t\t<div data-elementor-type=\"wp-page\" data-elementor-id=\"285\" class=\"elementor elementor-285\" data-elementor-post-type=\"page\">\n\t\t\t\t<div class=\"elementor-element elementor-element-92e82fe e-flex e-con-boxed e-con e-parent\" data-id=\"92e82fe\" data-element_type=\"container\" data-e-type=\"container\">\n\t\t\t\t\t<div class=\"e-con-inner\">\n\t\t\t\t<div class=\"elementor-element elementor-element-13b9b1c elementor-widget elementor-widget-heading\" data-id=\"13b9b1c\" data-element_type=\"widget\" data-e-type=\"widget\" data-widget_type=\"heading.default\">\n\t\t\t\t<div class=\"elementor-widget-container\">\n\t\t\t\t\t<h1 class=\"elementor-heading-title elementor-size-default\">Directeur financier \u00e0 temps partag\u00e9 <\/h1>\t\t\t\t<\/div>\n\t\t\t\t<\/div>\n\t\t\t\t<div class=\"elementor-element elementor-element-92f6eaf elementor-widget elementor-widget-spacer\" data-id=\"92f6eaf\" data-element_type=\"widget\" data-e-type=\"widget\" data-widget_type=\"spacer.default\">\n\t\t\t\t<div class=\"elementor-widget-container\">\n\t\t\t\t\t\t\t<div class=\"elementor-spacer\">\n\t\t\t<div class=\"elementor-spacer-inner\"><\/div>\n\t\t<\/div>\n\t\t\t\t\t\t<\/div>\n\t\t\t\t<\/div>\n\t\t\t\t\t<\/div>\n\t\t\t\t<\/div>\n\t\t<div class=\"elementor-element elementor-element-8189107 e-flex e-con-boxed e-con e-parent\" data-id=\"8189107\" data-element_type=\"container\" data-e-type=\"container\">\n\t\t\t\t\t<div class=\"e-con-inner\">\n\t\t\t\t<div class=\"elementor-element elementor-element-ca44975 elementor-widget elementor-widget-heading\" data-id=\"ca44975\" data-element_type=\"widget\" data-e-type=\"widget\" data-widget_type=\"heading.default\">\n\t\t\t\t<div class=\"elementor-widget-container\">\n\t\t\t\t\t<h2 class=\"elementor-heading-title elementor-size-default\">Optimisez Votre Succ\u00e8s Financier : D\u00e9couvrez la Puissance de La direction financi\u00e8re \u00e0 temps partag\u00e9 <\/h2>\t\t\t\t<\/div>\n\t\t\t\t<\/div>\n\t\t\t\t<div class=\"elementor-element elementor-element-3523b4f elementor-widget elementor-widget-text-editor\" data-id=\"3523b4f\" data-element_type=\"widget\" data-e-type=\"widget\" data-widget_type=\"text-editor.default\">\n\t\t\t\t<div class=\"elementor-widget-container\">\n\t\t\t\t\t\t\t\t\t<ul><li style=\"font-weight: 400;\" aria-level=\"1\"><strong>\u00c9laboration de budgets et de pr\u00e9visions financi\u00e8res<\/strong><\/li><li style=\"font-weight: 400;\" aria-level=\"1\"><strong>Gestion de la tr\u00e9sorerie et du financement<\/strong><\/li><li style=\"font-weight: 400;\" aria-level=\"1\"><strong>Contr\u00f4le de gestion et reporting financier<\/strong><\/li><li style=\"font-weight: 400;\" aria-level=\"1\"><strong>\u00c9laboration de strat\u00e9gies financi\u00e8res et de business plans<\/strong><\/li><li style=\"font-weight: 400;\" aria-level=\"1\"><strong>Suivi des risques financiers et mise en place de plans d&#8217;actions<\/strong><\/li><li style=\"font-weight: 400;\" aria-level=\"1\"><strong>Optimisation de la fiscalit\u00e9 et gestion des relations avec les administrations fiscales<\/strong><\/li><li style=\"font-weight: 400;\" aria-level=\"1\"><strong>Accompagnement dans les op\u00e9rations de croissance externe ou de restructuration<\/strong><\/li><\/ul>\t\t\t\t\t\t\t\t<\/div>\n\t\t\t\t<\/div>\n\t\t\t\t<div class=\"elementor-element elementor-element-a0ca14d elementor-button-success elementor-align-left elementor-widget elementor-widget-button\" data-id=\"a0ca14d\" data-element_type=\"widget\" data-e-type=\"widget\" data-widget_type=\"button.default\">\n\t\t\t\t<div class=\"elementor-widget-container\">\n\t\t\t\t\t\t\t\t\t<div class=\"elementor-button-wrapper\">\n\t\t\t\t\t<a class=\"elementor-button elementor-button-link elementor-size-sm\" href=\"#\">\n\t\t\t\t\t\t<span class=\"elementor-button-content-wrapper\">\n\t\t\t\t\t\t<span class=\"elementor-button-icon\">\n\t\t\t\t<svg aria-hidden=\"true\" class=\"e-font-icon-svg e-far-calendar-plus\" viewBox=\"0 0 448 512\" xmlns=\"http:\/\/www.w3.org\/2000\/svg\"><path d=\"M336 292v24c0 6.6-5.4 12-12 12h-76v76c0 6.6-5.4 12-12 12h-24c-6.6 0-12-5.4-12-12v-76h-76c-6.6 0-12-5.4-12-12v-24c0-6.6 5.4-12 12-12h76v-76c0-6.6 5.4-12 12-12h24c6.6 0 12 5.4 12 12v76h76c6.6 0 12 5.4 12 12zm112-180v352c0 26.5-21.5 48-48 48H48c-26.5 0-48-21.5-48-48V112c0-26.5 21.5-48 48-48h48V12c0-6.6 5.4-12 12-12h40c6.6 0 12 5.4 12 12v52h128V12c0-6.6 5.4-12 12-12h40c6.6 0 12 5.4 12 12v52h48c26.5 0 48 21.5 48 48zm-48 346V160H48v298c0 3.3 2.7 6 6 6h340c3.3 0 6-2.7 6-6z\"><\/path><\/svg>\t\t\t<\/span>\n\t\t\t\t\t\t\t\t\t<span class=\"elementor-button-text\">Prenez rendez-vous !<\/span>\n\t\t\t\t\t<\/span>\n\t\t\t\t\t<\/a>\n\t\t\t\t<\/div>\n\t\t\t\t\t\t\t\t<\/div>\n\t\t\t\t<\/div>\n\t\t\t\t<div class=\"elementor-element elementor-element-ea532b9 elementor-widget elementor-widget-spacer\" data-id=\"ea532b9\" data-element_type=\"widget\" data-e-type=\"widget\" data-widget_type=\"spacer.default\">\n\t\t\t\t<div class=\"elementor-widget-container\">\n\t\t\t\t\t\t\t<div class=\"elementor-spacer\">\n\t\t\t<div class=\"elementor-spacer-inner\"><\/div>\n\t\t<\/div>\n\t\t\t\t\t\t<\/div>\n\t\t\t\t<\/div>\n\t\t\t\t\t<\/div>\n\t\t\t\t<\/div>\n\t\t<div class=\"elementor-element elementor-element-2ed9d6c e-flex e-con-boxed e-con e-parent\" data-id=\"2ed9d6c\" data-element_type=\"container\" data-e-type=\"container\">\n\t\t\t\t\t<div class=\"e-con-inner\">\n\t\t\t\t<div class=\"elementor-element elementor-element-f3dec66 elementor-widget elementor-widget-text-editor\" data-id=\"f3dec66\" data-element_type=\"widget\" data-e-type=\"widget\" data-widget_type=\"text-editor.default\">\n\t\t\t\t<div class=\"elementor-widget-container\">\n\t\t\t\t\t\t\t\t\t<p><span style=\"font-weight: 400;\">Que ce soit en startups, TPE ou PME, les dirigeants sont souvent confront\u00e9s \u00e0 un probl\u00e8me : comment <strong>optimiser la gestion financi\u00e8re<\/strong> de leur entreprise alors qu&#8217;ils manquent de temps et d&#8217;expertise dans ce domaine ? <\/span><\/p><p><span style=\"font-weight: 400;\">Ils pourraient embaucher un directeur administratif et financier (DAF) \u00e0 temps plein. Mais cela repr\u00e9sente un engagement financier important. Sans compter la difficult\u00e9 de trouver la bonne personne, avec l\u2019exp\u00e9rience et les comp\u00e9tences adapt\u00e9es \u00e0 leur structure. Or, d<\/span><span style=\"font-weight: 400;\">ans le contexte actuel de la concurrence, <strong>l&#8217;agilit\u00e9 et l&#8217;expertise<\/strong> sont des atouts indispensables pour une entreprise. C&#8217;est pourquoi nous proposons des services de <strong>Directeur financier \u00e0 temps partag\u00e9<\/strong>, sp\u00e9cialement con\u00e7us pour les PME, startups et TPE. <\/span><\/p><p><span style=\"font-weight: 400;\">Nos consultants exp\u00e9riment\u00e9s deviennent un membre int\u00e9gr\u00e9 de votre \u00e9quipe, travaillant en \u00e9troite collaboration avec vous quelques jours par mois pour aligner parfaitement vos strat\u00e9gies financi\u00e8res sur vos objectifs commerciaux.<\/span><\/p><p><span style=\"font-weight: 400;\">Ils ne se contentent pas de g\u00e9rer les finances, ils sont des <strong>partenaires strat\u00e9giques<\/strong> qui collaborent avec votre \u00e9quipe de direction pour \u00e9laborer et mettre en \u0153uvre des plans d&#8217;affaires solides et des objectifs financiers. Ils apportent des connaissances et une perspective nouvelles \u00e0 votre entreprise, favorisant la croissance et l&#8217;efficacit\u00e9.<\/span><\/p><p><span style=\"font-weight: 400;\"><span style=\"text-decoration: underline;\"><strong>Notre mod\u00e8le \u00e0 temps partag\u00e9 offre une solution flexible et rentable pour b\u00e9n\u00e9ficier d&#8217;une expertise financi\u00e8re de premier ordre sans les co\u00fbts associ\u00e9s \u00e0 un poste \u00e0 temps plein<\/strong><\/span>. Cette approche vous permet non seulement d&#8217;\u00e9conomiser, mais aussi de vous adapter \u00e0 mesure que votre entreprise se d\u00e9veloppe.<\/span><\/p><p><span style=\"font-weight: 400;\">Nos directeur administratif &amp; financier exp\u00e9riment\u00e9s proviennent de divers horizons, offrant une grande diversit\u00e9 de comp\u00e9tences et d&#8217;exp\u00e9riences. Cette diversit\u00e9 nous permet de vous proposer le DAF id\u00e9al pour votre entreprise, garantissant une compr\u00e9hension de votre secteur et des solutions personnalis\u00e9es.<\/span><\/p><p><span style=\"font-weight: 400;\">En choisissant nos services de Directeur financier \u00e0 temps partag\u00e9, vous choisissez un partenaire engag\u00e9 dans votre succ\u00e8s. Nous vous aidons \u00e0 g\u00e9rer la complexit\u00e9 financi\u00e8re de votre entreprise pendant que vous vous concentrez sur votre c\u0153ur de m\u00e9tier &#8211; le d\u00e9veloppement de votre entreprise. <strong><a href=\"https:\/\/vingtsix.io\/index.php\/contact\/\">Contactez-nous<\/a> d\u00e8s aujourd&#8217;hui pour d\u00e9couvrir comment nous pouvons transformer votre gestion financi\u00e8re <\/strong><\/span><\/p>\t\t\t\t\t\t\t\t<\/div>\n\t\t\t\t<\/div>\n\t\t\t\t<div class=\"elementor-element elementor-element-ba38cff elementor-align-center elementor-widget elementor-widget-button\" data-id=\"ba38cff\" data-element_type=\"widget\" data-e-type=\"widget\" data-widget_type=\"button.default\">\n\t\t\t\t<div class=\"elementor-widget-container\">\n\t\t\t\t\t\t\t\t\t<div class=\"elementor-button-wrapper\">\n\t\t\t\t\t<a class=\"elementor-button elementor-button-link elementor-size-sm\" href=\"https:\/\/vingtsix.io\/index.php\/contact\/\">\n\t\t\t\t\t\t<span class=\"elementor-button-content-wrapper\">\n\t\t\t\t\t\t<span class=\"elementor-button-icon\">\n\t\t\t\t<svg aria-hidden=\"true\" class=\"e-font-icon-svg e-far-envelope\" viewBox=\"0 0 512 512\" xmlns=\"http:\/\/www.w3.org\/2000\/svg\"><path d=\"M464 64H48C21.49 64 0 85.49 0 112v288c0 26.51 21.49 48 48 48h416c26.51 0 48-21.49 48-48V112c0-26.51-21.49-48-48-48zm0 48v40.805c-22.422 18.259-58.168 46.651-134.587 106.49-16.841 13.247-50.201 45.072-73.413 44.701-23.208.375-56.579-31.459-73.413-44.701C106.18 199.465 70.425 171.067 48 152.805V112h416zM48 400V214.398c22.914 18.251 55.409 43.862 104.938 82.646 21.857 17.205 60.134 55.186 103.062 54.955 42.717.231 80.509-37.199 103.053-54.947 49.528-38.783 82.032-64.401 104.947-82.653V400H48z\"><\/path><\/svg>\t\t\t<\/span>\n\t\t\t\t\t\t\t\t\t<span class=\"elementor-button-text\">Contactons nous !<\/span>\n\t\t\t\t\t<\/span>\n\t\t\t\t\t<\/a>\n\t\t\t\t<\/div>\n\t\t\t\t\t\t\t\t<\/div>\n\t\t\t\t<\/div>\n\t\t\t\t\t<\/div>\n\t\t\t\t<\/div>\n\t\t\t\t<\/div>\n\t\t","protected":false},"excerpt":{"rendered":"<p>Directeur financier \u00e0 temps partag\u00e9 Optimisez Votre Succ\u00e8s Financier : D\u00e9couvrez la Puissance de La direction financi\u00e8re \u00e0 temps partag\u00e9 \u00c9laboration de budgets et de pr\u00e9visions financi\u00e8res Gestion de la tr\u00e9sorerie et du financement Contr\u00f4le de gestion et reporting financier \u00c9laboration de strat\u00e9gies financi\u00e8res et de business plans Suivi des risques financiers et mise en [&hellip;]<\/p>\n","protected":false},"author":1,"featured_media":0,"parent":0,"menu_order":0,"comment_status":"closed","ping_status":"closed","template":"","meta":{"footnotes":""},"class_list":["post-285","page","type-page","status-publish","hentry"],"yoast_head":"<!-- This site is optimized with the Yoast SEO plugin v27.4 - https:\/\/yoast.com\/product\/yoast-seo-wordpress\/ -->\n<title>Part time C.F.O. - Vingt-Six<\/title>\n<meta name=\"robots\" content=\"index, follow, max-snippet:-1, max-image-preview:large, max-video-preview:-1\" \/>\n<link rel=\"canonical\" href=\"https:\/\/vingtsix.io\/index.php\/part-time-c-f-o\/\" \/>\n<meta property=\"og:locale\" content=\"en_US\" \/>\n<meta property=\"og:type\" content=\"article\" \/>\n<meta property=\"og:title\" content=\"Part time C.F.O. - Vingt-Six\" \/>\n<meta property=\"og:description\" content=\"Directeur financier \u00e0 temps partag\u00e9 Optimisez Votre Succ\u00e8s Financier : D\u00e9couvrez la Puissance de La direction financi\u00e8re \u00e0 temps partag\u00e9 \u00c9laboration de budgets et de pr\u00e9visions financi\u00e8res Gestion de la tr\u00e9sorerie et du financement Contr\u00f4le de gestion et reporting financier \u00c9laboration de strat\u00e9gies financi\u00e8res et de business plans Suivi des risques financiers et mise en [&hellip;]\" \/>\n<meta property=\"og:url\" content=\"https:\/\/vingtsix.io\/index.php\/part-time-c-f-o\/\" \/>\n<meta property=\"og:site_name\" content=\"Vingt-Six\" \/>\n<meta property=\"article:modified_time\" content=\"2024-04-23T17:48:56+00:00\" \/>\n<meta name=\"twitter:card\" content=\"summary_large_image\" \/>\n<meta name=\"twitter:label1\" content=\"Est. reading time\" \/>\n\t<meta name=\"twitter:data1\" content=\"2 minutes\" \/>\n<script type=\"application\/ld+json\" class=\"yoast-schema-graph\">{\"@context\":\"https:\\\/\\\/schema.org\",\"@graph\":[{\"@type\":\"WebPage\",\"@id\":\"https:\\\/\\\/vingtsix.io\\\/index.php\\\/part-time-c-f-o\\\/\",\"url\":\"https:\\\/\\\/vingtsix.io\\\/index.php\\\/part-time-c-f-o\\\/\",\"name\":\"Part time C.F.O. - Vingt-Six\",\"isPartOf\":{\"@id\":\"https:\\\/\\\/vingtsix.io\\\/#website\"},\"datePublished\":\"2024-02-19T08:51:49+00:00\",\"dateModified\":\"2024-04-23T17:48:56+00:00\",\"breadcrumb\":{\"@id\":\"https:\\\/\\\/vingtsix.io\\\/index.php\\\/part-time-c-f-o\\\/#breadcrumb\"},\"inLanguage\":\"en-US\",\"potentialAction\":[{\"@type\":\"ReadAction\",\"target\":[\"https:\\\/\\\/vingtsix.io\\\/index.php\\\/part-time-c-f-o\\\/\"]}]},{\"@type\":\"BreadcrumbList\",\"@id\":\"https:\\\/\\\/vingtsix.io\\\/index.php\\\/part-time-c-f-o\\\/#breadcrumb\",\"itemListElement\":[{\"@type\":\"ListItem\",\"position\":1,\"name\":\"Accueil\",\"item\":\"https:\\\/\\\/vingtsix.io\\\/\"},{\"@type\":\"ListItem\",\"position\":2,\"name\":\"Part time C.F.O.\"}]},{\"@type\":\"WebSite\",\"@id\":\"https:\\\/\\\/vingtsix.io\\\/#website\",\"url\":\"https:\\\/\\\/vingtsix.io\\\/\",\"name\":\"Vingt-Six\",\"description\":\"\",\"publisher\":{\"@id\":\"https:\\\/\\\/vingtsix.io\\\/#organization\"},\"potentialAction\":[{\"@type\":\"SearchAction\",\"target\":{\"@type\":\"EntryPoint\",\"urlTemplate\":\"https:\\\/\\\/vingtsix.io\\\/?s={search_term_string}\"},\"query-input\":{\"@type\":\"PropertyValueSpecification\",\"valueRequired\":true,\"valueName\":\"search_term_string\"}}],\"inLanguage\":\"en-US\"},{\"@type\":\"Organization\",\"@id\":\"https:\\\/\\\/vingtsix.io\\\/#organization\",\"name\":\"Vingt-Six\",\"url\":\"https:\\\/\\\/vingtsix.io\\\/\",\"logo\":{\"@type\":\"ImageObject\",\"inLanguage\":\"en-US\",\"@id\":\"https:\\\/\\\/vingtsix.io\\\/#\\\/schema\\\/logo\\\/image\\\/\",\"url\":\"https:\\\/\\\/vingtsix.io\\\/wp-content\\\/uploads\\\/2024\\\/01\\\/logo1.png\",\"contentUrl\":\"https:\\\/\\\/vingtsix.io\\\/wp-content\\\/uploads\\\/2024\\\/01\\\/logo1.png\",\"width\":638,\"height\":479,\"caption\":\"Vingt-Six\"},\"image\":{\"@id\":\"https:\\\/\\\/vingtsix.io\\\/#\\\/schema\\\/logo\\\/image\\\/\"}}]}<\/script>\n<!-- \/ Yoast SEO plugin. -->","yoast_head_json":{"title":"Part time C.F.O. - Vingt-Six","robots":{"index":"index","follow":"follow","max-snippet":"max-snippet:-1","max-image-preview":"max-image-preview:large","max-video-preview":"max-video-preview:-1"},"canonical":"https:\/\/vingtsix.io\/index.php\/part-time-c-f-o\/","og_locale":"en_US","og_type":"article","og_title":"Part time C.F.O. - Vingt-Six","og_description":"Directeur financier \u00e0 temps partag\u00e9 Optimisez Votre Succ\u00e8s Financier : D\u00e9couvrez la Puissance de La direction financi\u00e8re \u00e0 temps partag\u00e9 \u00c9laboration de budgets et de pr\u00e9visions financi\u00e8res Gestion de la tr\u00e9sorerie et du financement Contr\u00f4le de gestion et reporting financier \u00c9laboration de strat\u00e9gies financi\u00e8res et de business plans Suivi des risques financiers et mise en [&hellip;]","og_url":"https:\/\/vingtsix.io\/index.php\/part-time-c-f-o\/","og_site_name":"Vingt-Six","article_modified_time":"2024-04-23T17:48:56+00:00","twitter_card":"summary_large_image","twitter_misc":{"Est. reading time":"2 minutes"},"schema":{"@context":"https:\/\/schema.org","@graph":[{"@type":"WebPage","@id":"https:\/\/vingtsix.io\/index.php\/part-time-c-f-o\/","url":"https:\/\/vingtsix.io\/index.php\/part-time-c-f-o\/","name":"Part time C.F.O. - Vingt-Six","isPartOf":{"@id":"https:\/\/vingtsix.io\/#website"},"datePublished":"2024-02-19T08:51:49+00:00","dateModified":"2024-04-23T17:48:56+00:00","breadcrumb":{"@id":"https:\/\/vingtsix.io\/index.php\/part-time-c-f-o\/#breadcrumb"},"inLanguage":"en-US","potentialAction":[{"@type":"ReadAction","target":["https:\/\/vingtsix.io\/index.php\/part-time-c-f-o\/"]}]},{"@type":"BreadcrumbList","@id":"https:\/\/vingtsix.io\/index.php\/part-time-c-f-o\/#breadcrumb","itemListElement":[{"@type":"ListItem","position":1,"name":"Accueil","item":"https:\/\/vingtsix.io\/"},{"@type":"ListItem","position":2,"name":"Part time C.F.O."}]},{"@type":"WebSite","@id":"https:\/\/vingtsix.io\/#website","url":"https:\/\/vingtsix.io\/","name":"Vingt-Six","description":"","publisher":{"@id":"https:\/\/vingtsix.io\/#organization"},"potentialAction":[{"@type":"SearchAction","target":{"@type":"EntryPoint","urlTemplate":"https:\/\/vingtsix.io\/?s={search_term_string}"},"query-input":{"@type":"PropertyValueSpecification","valueRequired":true,"valueName":"search_term_string"}}],"inLanguage":"en-US"},{"@type":"Organization","@id":"https:\/\/vingtsix.io\/#organization","name":"Vingt-Six","url":"https:\/\/vingtsix.io\/","logo":{"@type":"ImageObject","inLanguage":"en-US","@id":"https:\/\/vingtsix.io\/#\/schema\/logo\/image\/","url":"https:\/\/vingtsix.io\/wp-content\/uploads\/2024\/01\/logo1.png","contentUrl":"https:\/\/vingtsix.io\/wp-content\/uploads\/2024\/01\/logo1.png","width":638,"height":479,"caption":"Vingt-Six"},"image":{"@id":"https:\/\/vingtsix.io\/#\/schema\/logo\/image\/"}}]}},"_links":{"self":[{"href":"https:\/\/vingtsix.io\/index.php\/wp-json\/wp\/v2\/pages\/285","targetHints":{"allow":["GET"]}}],"collection":[{"href":"https:\/\/vingtsix.io\/index.php\/wp-json\/wp\/v2\/pages"}],"about":[{"href":"https:\/\/vingtsix.io\/index.php\/wp-json\/wp\/v2\/types\/page"}],"author":[{"embeddable":true,"href":"https:\/\/vingtsix.io\/index.php\/wp-json\/wp\/v2\/users\/1"}],"replies":[{"embeddable":true,"href":"https:\/\/vingtsix.io\/index.php\/wp-json\/wp\/v2\/comments?post=285"}],"version-history":[{"count":34,"href":"https:\/\/vingtsix.io\/index.php\/wp-json\/wp\/v2\/pages\/285\/revisions"}],"predecessor-version":[{"id":610,"href":"https:\/\/vingtsix.io\/index.php\/wp-json\/wp\/v2\/pages\/285\/revisions\/610"}],"wp:attachment":[{"href":"https:\/\/vingtsix.io\/index.php\/wp-json\/wp\/v2\/media?parent=285"}],"curies":[{"name":"wp","href":"https:\/\/api.w.org\/{rel}","templated":true}]}}